t is 1 - 12517057?
-12517056
In base 7, what is 444645 - 140?
444505
In base 13, what is 7a7c46 - 3?
7a7c43
In base 10, what is 6 - 7214887?
-7214881
In base 12, what is -46149 + ba7?
-45162
In base 15, what is -4 + -9164a8?
-9164ac
In base 13, what is -2 - 175a339?
-175a33b
In base 7, what is -256622260 - 2?
-256622262
In base 16, what is -15d12b4b - 3?
-15d12b4e
In base 14, what is 2a7 + -2bb7?
-2910
In base 2, what is 1100 - 1011011100001010?
-1011011011111110
In base 16, what is -2a + 38a3b7?
38a38d
In base 14, what is 22a976 - 4?
22a972
In base 6, what is 3145411510 - 1?
3145411505
In base 13, what is -9922a6ca - -4?
-9922a6c6
In base 11, what is 247 + 1053291?
1053528
In base 11, what is 3412978 - 4?
3412974
In base 5, what is -1241144202133 - 2?
-1241144202140
In base 16, what is 9a - b0b?
-a71
In base 15, what is 1d49c74 + -a?
1d49c69
In base 8, what is -24 - -676765?
676741
In base 3, what is -1100000211202 + 2000?
-1100000202202
In base 4, what is -110203 + 302033?
131230
In base 2, what is 1110010000 + -10001011?
1100000101
In base 5, what is 314044203 - -14?
314044222
In base 7, what is 2 - 2432135561?
-2432135556
In base 3, what is -212222021 - 1102221100?
-2022220121
In base 4, what is -111001032012 + 3?
-111001032003
In base 9, what is 1262366 - 61?
1262305
In base 8, what is -372054 + -507?
-372563
In base 11, what is a583 - 394?
a19a
In base 8, what is 607643362 + 2?
607643364
In base 12, what is 0 - 58aa03?
-58aa03
In base 4, what is 21 + 2000202312030?
2000202312111
In base 10, what is -31634287 + -11?
-31634298
In base 14, what is d + 24bc2?
24bd1
In base 2, what is -11100100000000101 + -1100110?
-11100100001101011
In base 16, what is -336 - 58?
-38e
In base 10, what is 20 - 1181842?
-1181822
In base 15, what is 5 - 368e5b?
-368e56
In base 3, what is 2202222101011 - 1?
2202222101010
In base 14, what is 5a341c + -78?
5a3384
In base 3, what is 2222 - -22001101221?
22001111220
In base 3, what is 11202100 - -102211?
12012011
In base 14, what is -15 - 297aa7?
-297abc
In base 3, what is 2222121212122 + -111?
2222121212011
In base 10, what is 99958997 - 0?
99958997
In base 14, what is 511c + -951?
45ab
In base 3, what is -1 - -102122212220200121?
102122212220200120
In base 16, what is -8b74e - 3?
-8b751
In base 14, what is 1d5a738 - -5?
1d5a73d
In base 10, what is -52 + 16973?
16921
In base 2, what is -101111111101110010 + -1100000?
-101111111111010010
In base 5, what is -3 + -4411020044?
-4411020102
In base 13, what is -14 + -387c13?
-387c27
In base 16, what is 12 - -6ba6?
6bb8
In base 8, what is 0 - 275214227?
-275214227
In base 12, what is 63 - -331719?
331780
In base 3, what is -2000100 + -10102202210?
-10111210010
In base 8, what is 47 - 603710?
-603641
In base 8, what is -1262 - -534353?
533071
In base 11, what is 3045 + 116a?
4204
In base 11, what is 279263 + 44?
2792a7
In base 12, what is -21 - -19541?
19520
In base 8, what is 36703712 + 2?
36703714
In base 2, what is -100000100000010010 - 10110?
-100000100000101000
In base 3, what is 1110220022201220 - 2?
1110220022201211
In base 16, what is d5e6 - -49?
d62f
In base 14, what is -a - -aa33915?
aa33909
In base 16, what is -913099 - 2?
-91309b
In base 13, what is 4 - 83957ab?
-83957a7
In base 12, what is -3584895 + 5?
-3584890
In base 13, what is 182a222 + 4?
182a226
In base 8, what is 133254217 + 5?
133254224
In base 15, what is -5c0d3a9 + -a?
-5c0d3b4
In base 11, what is 3 - 427a128?
-427a125
In base 16, what is -5 - 61ef?
-61f4
In base 8, what is 12 - 220350?
-220336
In base 14, what is -14a + 515a0?
51454
In base 2, what is -10110010110110010000000110000 - 10?
-10110010110110010000000110010
In base 15, what is a741c + 5?
a7422
In base 9, what is 107258376 + 1?
107258377
In base 2, what is -101111100011110011 + -1010001001?
-101111101101111100
In base 6, what is -125342310 + 213?
-125342053
In base 13, what is -1a96 + 1942?
-154
In base 14, what is 0 + 7b684b3?
7b684b3
In base 8, what is 2765 + 3270?
6255
In base 16, what is dbe1 + -20?
dbc1
In base 4, what is 3323020 - -21322001?
31311021
In base 8, what is 17736 - 11214?
6522
In base 10, what is 14 + 1427161?
1427175
In base 10, what is 4044348 + 115?
4044463
In base 8, what is 27554262 - -61?
27554343
In base 5, what is 30 - 41304422442?
-41304422412
In base 6, what is 4123305 - -12?
4123321
In base 5, what is 3100202 + -1022?
3044130
In base 3, what is -110000022 - -21020?
-102202002
In base 2, what is -1110101001 - -1110101011111000?
1110011101001111
In base 8, what is 23546 + -12116?
11430
In base 6, what is 50155 - 5421?
40334
In base 14, what is -ab + -29294?
-29361
In base 13, what is -a299099 + -1?
-a29909a
In base 4, what is -13313013 + -102?
-13313121
In base 4, what is -3 - 303000302?
-303000311
In base 7, what is -10 + -31043440?
-31043450
In base 7, what is -32260511 + -141?
-32260652
In base 5, what is 141300 + -424234?
-232434
In base 6, what is 2320432541 - 5?
2320432532
In base 14, what is 26 + -220741?
-220719
In base 7, what is 100224 + -20542?
46352
In base 8, what is -103211350 + 2?
-103211346
In base 15, what is c + -494e4b?
-494e3e
In base 15, what is 1e80b7 + 6?
1e80bd
In base 13, what is -898a9a - -7?
-898a93
In base 8, what is -22333 - 6710?
-31243
In base 8, what is 1 + -14234273?
-14234272
In base 4, what is -13003303002 + 10022?
-13003232320
In base 5, what is 1231 + -42114102?
-42112321
In base 6, what is -4142111 + -115?
-4142230
In base 12, what is 45 - 1917743?
-19176ba
In base 15, what is -c24 - 79e?
-14c3
In base 12, what is 2 - -31748b86?
31748b88
In base 13, what is -360a + -cca?
-4607
In base 7, what is -13301104 - -1521?
-13266253
In base 3, what is 21020 - 1200122021?
-1200101001
In base 9, what is -27430381 - 121?
-27430512
In base 15, what is 2 + 8327b?
8327d
In base 6, what is -522 - -52544?
52022
In base 4, what is 3333112 - -100?
3333212
In base 9, what is 3876627 - -308?
3877036
In base 14, what is 439c234 - 2?
439c232
In base 5, what is -1 + 40233233133?
40233233132
In base 14, what is -41d - 7262?
-7681
In base 14, what is -6b20d5d - -5?
-6b20d58
In base 3, what is 2 - 22021100022111?
-22021100022102
In base 2, what is -101010100110100 + 1110000000?
-101000110110100
In base 2, what is -101011010011110 + 10111011110011?
-10011110101011
In base 15, what is -1d917 + -795?
-1e1ac
In base 16, what is -1 - fed6?
-fed7
In base 4, what is 13231330 + 13112?
13311102
In base 5, what is -3 - -200440423?
200440420
In base 4, what is 2310 + -2123112?
-2120202
In base 6, what is 12413 + 30002?
42415
In base 13, what is 2192b - 53b?
213c0
In base 2, what is -1000 + -1101010101111010100000100?
-1101010101111010100001100
In base 2, what is -100 - 1001110011011001001011101?
-1001110011011001001100001
In base 2, what is -100 + -1001101011000000100010?
-1001101011000000100110
In base 9, what is 471 - -478177?
478658
In base 6, what is 3 - 113043301?
-113043254
In base 16, what is -241118 + 4?
-241114
In base 13, what is c + 4664272?
4664281
In base 12, what is 11a43b66 + -2?
11a43b64
In base 4, what is 20032020 - -21222?
20113302
In base 13, what is -2a2415 + -25b?
-2a2673
In base 4, what is 313232313333 - -11?
313232320010
In base 11, what is -1623184 + -2?
-1623186
In base 16, what is 4e132 + 154?
4e286
In base 9, what is 1 - 547871?
-547870
In base 7, what is 1140 + -303006?
-301536
In base 4, what is -32223 - -1013110233?
1013012010
In base 5, what is -10 - 22044224124?
-22044224134
In base 15, what is 33 - -bc68?
bc9b
In base 9, what is 2 + 5177602?
5177604
In base 16, what is 9e + -14cefd?
-14ce5f
In base 9, what is 401534 - -80?
401624
In base 8, what is 12 - -1434567?
1434601
In base 4, what is -2101103222 - -1132?
-2101102030
In base 15, what is -c38b2a - 2?
-c38b2c
In base 16, what is -bb6ff0 - 4?
-bb6ff4
In base 4, what is 2 - 21312233222012?
-21312233222010
In base 9, what is 1 + -652501276?
-652501275
In base 9, what is 107673 - -34?
107717
In base 9, what is -8123 + 3552?
-4461
In base 8, what is 10067373 + 46?
10067441
In base 16, what is 5686 - 18?
566e
In base 9, what is 2332 + 27765?
31207
In base 5, what is -30110133221 - -10?
-30110133211
In base 13, what is 6ca - -824?
1221
In base 13, what is 15b55 + -103?
15a52
In base 7, what is -3 + -1062641265?
-1062641301
In ba